
72
Let a(h) = h**3 + 4*h**2 + 2*h + 2. What is a(-4)?
-6
Let k(f) = f + 14. What is k(6)?
20
Let z(n) = -5*n**2 - 67*n + 28. Determine z(-14).
-14
Let j(g) = g**2 + 11*g - 2. What is j(-12)?
10
Let z(d) = -d**2 + 6*d - 1. Determine z(4).
7
Let b(n) = n**3 - 5*n**2 - 3*n. Determine b(6).
18
Let q(m) = 6*m**2 - 3*m - 2. Determine q(-2).
28
Let b(x) = 17*x - 5. Calculate b(-3).
-56
Let l(b) = 4*b - 7. Determine l(3).
5
Let v(q) = 4*q - 88. What is v(18)?
-16
Let b(n) = -4*n + 16. Give b(-6).
40
Let i(g) = g**3 + 2*g**2 + 5*g + 16. Calculate i(-3).
-8
Let k(l) = l**2 - 18*l + 4. Calculate k(18).
4
Let z(u) = -u**3 - 2. Calculate z(0).
-2
Let u(j) = 7*j**2 + 2*j - 1. What is u(1)?
8
Let w(b) = b**3 - 5*b**2 - 7*b - 3. Determine w(6).
-9
Let y(l) = 5*l - 105. Give y(19).
-10
Let p(n) = 427*n - 1708. What is p(4)?
0
Let k(c) = -c**3 - 20*c**2 + 41*c - 67. Calculate k(-22).
-1
Let c(i) = i**3 + 33*i**2 + 140*i - 1. Give c(-5).
-1
Let z(a) = 18*a**2 + 84*a - 37. Give z(-5).
-7
Let a(t) = t**3 + 7*t**2 + t. Determine a(-7).
-7
Let d(h) = 7*h**3 + 1. Determine d(1).
8
Let j(v) = v + 16. Give j(-13).
3
Let g(y) = -y**3 + 15*y**2 - 15*y + 12. Calculate g(14).
-2
Let l(v) = -2*v**2 + 8*v - 4. Give l(2).
4
Let b(i) = i**3 + 10*i**2 + 6*i - 14. Calculate b(-6).
94
Let a(k) = -2*k - 17. What is a(-16)?
15
Let c(v) = 14*v**2 + 2*v - 2. Give c(-2).
50
Let s(p) = p. What is s(-7)?
-7
Let z(b) = 2*b**2 - 28*b - 1. Calculate z(14).
-1
Let i(u) = -2*u**2 - u. Give i(2).
-10
Let k(n) = -n**3 - n**2 - 8*n - 7. Give k(-3).
35
Let t(o) = -2*o**2 + 69*o - 487. Calculate t(10).
3
Let g(c) = c**3 + 14*c**2 - 16*c - 20. Determine g(-15).
-5
Let p(f) = f**2 + 5*f - 13. Give p(-6).
-7
Let t(c) = -c**3 - 27*c**2 - 52*c - 41. Calculate t(-25).
9
Let r(w) = 4*w - 21. What is r(15)?
39
Let z(k) = 12*k - 476. Calculate z(39).
-8
Let i(a) = -7*a - 79. Calculate i(-12).
5
Let m(z) = z**2 - 22*z + 110. What is m(9)?
-7
Let t(k) = 3*k + 104. Give t(-32).
8
Let k(q) = q**2 + 23*q - 16. Determine k(-24).
8
Let b(w) = 2*w**3 - w**2 - 20*w - 5. Give b(5).
120
Let a(o) = -o**3 + 10*o**2 + 9*o + 29. What is a(11)?
7
Let s(h) = 4*h**3 - 21*h**2 + 11*h - 17. What is s(5)?
13
Let p(m) = -3*m**3 + 3*m**2 + 11*m + 7. Give p(-1).
2
Let l(m) = -35*m + 8. Give l(2).
-62
Let x(w) = -w**3 + 7*w**2 + 9*w - 11. Determine x(8).
-3
Let h(o) = 16*o**3 - o**2 + o + 1. Give h(-1).
-17
Let f(z) = z**3 + 8*z**2 + 2*z + 12. Determine f(-8).
-4
Let n(j) = -13*j + 69. Calculate n(9).
-48
Let j(p) = -4*p - 12. What is j(-2)?
-4
Let y(j) = 3*j - 29. Give y(12).
7
Let f(s) = s**3 + 5*s**2 - 15*s + 2. What is f(-7)?
9
Let a(s) = -s. Calculate a(-5).
5
Let z(y) = -5*y + 1. What is z(-8)?
41
Let y(h) = h**3 + h**2 + 3*h + 21. Give y(0).
21
Let k(t) = -t**2 + 10*t + 19. What is k(-7)?
-100
Let o(u) = 2*u**2 + 6*u + 9. What is o(-3)?
9
Let p(w) = w**3 + 7*w**2 - 3*w - 24. Give p(-6).
30
Let g(a) = -3*a**2 + 1. Calculate g(1).
-2
Let a(j) = j**3 + 10*j**2 + 7*j + 62. What is a(-10)?
-8
Let s(p) = -10*p**2 + p. Determine s(1).
-9
Let c(t) = 4*t**2 + 56*t - 5. Give c(-14).
-5
Let b(q) = q**3 + 9*q**2 + 2*q - 12. Calculate b(-6).
84
Let t(g) = -g + 9. Determine t(16).
-7
Let b(z) = 3*z**2 + 32*z + 90. What is b(-5)?
5
Let h(t) = -12*t**2 + 4*t - 2. Determine h(1).
-10
Let q(j) = -j**3 - 6*j**2 - 2*j + 7. Determine q(-5).
-8
Let q(n) = -2*n - 4. Give q(5).
-14
Let g(y) = -2*y + 40. Calculate g(12).
16
Let b(w) = -2*w**2 + 18*w + 2. Give b(9).
2
Let c(f) = -f**3 - 10*f**2 + 24*f - 1. What is c(-12)?
-1
Let k(b) = b**2 + 4*b + 1. Calculate k(-4).
1
Let z(d) = d**3 + 3*d**2 - 4*d - 1. Calculate z(-4).
-1
Let y(b) = -4*b + 11. Calculate y(3).
-1
Let q(j) = -j - 9. Calculate q(20).
-29
Let j(t) = -2*t**3 + 17*t**2 - 10*t + 17. Determine j(8).
1
Let s(d) = d**3 - 2*d**2 - 3*d - 1. Give s(3).
-1
Let i(o) = -o**2 - 8*o - 25. Determine i(-6).
-13
Let u(k) = -3*k**2 - 31*k - 9. What is u(-10)?
1
Let h(o) = -o**2 + 25*o - 24. What is h(24)?
0
Let r(k) = -2*k**2 + 7*k + 9. Determine r(6).
-21
Let g(c) = c**3 + c**2 - c + 5. What is g(-2)?
3
Let h(w) = 11*w - 6. What is h(3)?
27
Let n(v) = -v**3 + 8*v**2 + 3*v - 7. Calculate n(8).
17
Let u(h) = 3*h**3 + 3*h**2 - 5*h - 3. Determine u(-2).
-5
Let x(c) = c**2 - 5*c - 1. What is x(3)?
-7
Let b(y) = -y**2 + 5*y + 28. Give b(8).
4
Let h(n) = -n - 5. Calculate h(7).
-12
Let r(g) = -3*g**2 + 19*g - 19. Calculate r(6).
-13
Let z(o) = -8*o - 88. Give z(-12).
8
Let h(k) = k**2 + 20*k + 45. What is h(-16)?
-19
Let l(d) = 13*d**2 - d + 1. Determine l(1).
13
Let b(v) = 122*v - 481. Determine b(4).
7
Let b(k) = k**3 + 13*k**2 - 10*k - 263. Calculate b(-12).
1
Let t(v) = v**3 + 6*v**2 - 8*v - 53. Give t(-6).
-5
Let o(t) = 10*t + 2. Give o(-3).
-28
Let c(v) = v**3 - 4*v**2 - 10*v + 31. What is c(4)?
-9
Let s(n) = n**2 - 32*n - 186. Give s(-5).
-1
Let i(u) = 4*u**3 - 2*u**2 + 2*u. Calculate i(2).
28
Let u(v) = 10*v**2 + 79*v - 5. Determine u(-8).
3
Let s(w) = w - 5. What is s(8)?
3
Let y(z) = z**2 - z - 11. Calculate y(6).
19
Let q(j) = j**2 - 2*j - 30. Give q(-6).
18
Let v(q) = -q**2 - 9. Determine v(-6).
-45
Let a(q) = q**2 - q - 7. What is a(-4)?
13
Let s(a) = a**2 + 3*a - 4. Give s(-6).
14
Let g(b) = 12*b + 13. Give g(-6).
-59
Let v(f) = f**2 + f + 51. Give v(0).
51
Let c(r) = -r**3 + 6*r**2 - 5*r + 29. Determine c(5).
29
Let n(w) = -w**3 - 13*w**2 - 28*w + 5. Determine n(-10).
-15
Let l(m) = -m**3 + 9*m**2 - 21*m + 9. Calculate l(5).
4
Let p(r) = -r + 11. What is p(-18)?
29
Let g(r) = r**2 - 21*r - 17. What is g(20)?
-37
Let h(a) = -a**2 - 37*a + 127. Give h(3).
7
Let b(h) = h**2 - 5*h + 7. What is b(8)?
31
Let d(r) = 2*r**3 - r**2 - r - 1. Calculate d(-1).
-3
Let f(m) = 2*m + 11. Determine f(-3).
5
Let r(w) = w**3 + 6*w**2 + 7*w + 3. What is r(-5)?
-7
Let g(i) = i**2 + 13*i + 32. Give g(-8).
-8
Let d(l) = -2*l + 17. What is d(12)?
-7
Let x(n) = -5*n - 10. Determine x(-8).
30
Let g(w) = w**3 + 3*w - 1. Calculate g(-3).
-37
Let d(a) = 2*a**2 + 9*a + 6. What is d(-3)?
-3
Let g(y) = y**2 + 4*y + 3. Determine g(-7).
24
Let b(f) = -f**3 + 2*f**2 - 3*f + 20. Calculate b(0).
20
Let n(c) = -2*c**2 - c - 4. What is n(0)?
-4
Let m(k) = -k**2 + 4*k + 3. Give m(-2).
-9
Let r(f) = -7*f**2 + 4*f + 1. What is r(2)?
-19
Let i(o) = -10*o**2 - 2*o - 1. Calculate i(-1).
-9
Let h(n) = 11*n + 4. What is h(-1)?
-7
Let p(r) = -r**3 - 7*r**2 - 5*r - 7. Determine p(-7).
28
Let n(k) = 5*k + 38. What is n(-5)?
13
Let u(m) = -3*m - 15. Calculate u(-12).
21
Let o(h) = 5*h**2 + 151*h - 307. Calculate o(2).
15
Let x(v) = -21*v - 369. Calculate x(-18).
9
Let s(b) = b**3 - b**2 + 2*b - 3. What is s(-3)?
-45
Let r(t) = 3*t - 27. Calculate r(10).
3
Let x(w) = 16*w + 1. Give x(1).
17
Let b(g) = -28*g**3 - g**2 + 4*g - 4. Give b(1).
-29
Let i(s) = 2*s**2 - 15*s + 26. Determine i(8).
34
Let a(m) = -m**3 + 11*m**2 - 3*m + 22. Give a(11).
-11
Let w(i) = -2*i**2 - 3*i - 11. Give w(-6).
-65
Let m(a) = -5*a + 67. Determine m(9).
22
Let i(w) = w**3 - 28*w**2 - w + 26. Give i(28).
-2
Let x(t) = t + 12. What is x(-14)?
-2
Let v(r) = -24*r. Determine v(-1).
24
Let k(c) = -c**2 + 15*c - 49. Give k(8).
7
Let m(t) = 55*t**3 - 2*t**2 + 2*t - 1. What is m(1)?
54
Let x(v) = -3*v**2 - 35*v + 13. Give x(-16).
-195
Let r(m) = 3*m + 4. Calculate r(7).
25
Let i(a) = -a - 5. What is i(9)?
-14
Let a(y) = -y**2 - y + 57. What is a(0)?
57
Let h(a) = a**3 - 14*a**2 + 26*a - 18. Determine h(12).
6
Let r(x) = 13*x + 1. Determine r(-1).
-12
Let x(p) = -p**3 + 4*p**2 + 4*p + 8. Calculate x(5).
3
Let k(v) = v**2 + 3*v + 31. Determine k(0).
31
Let f(z) = -4*z + 14. Give f(4).
-2
Let d(b) = b**2 - 13*b + 4. Determine d(13).
4
Let k(d) = d**2 - 3*d + 20. Determine k(0).
20
Let t(i) = -11*i + 18. Calculate t(5).
-37
Let m(j) = 4*j**3 + 4*j**2 - 3*j - 4. Give m(-2).
-14
Let o(m) = -m**3 + m**2 - 4*m. Give o(0).
0
Let m(y) = y**3 + 14*y**2 + 38*y - 25. What is m(-10)?
-5
Let x(v) = -v**2 + 19*v - 35. Determine x(19).
-35
Let p(g) = 10*g + 4. What is p(-3)?
-26
Let l(i) = -i**2 - 9*i - 4. Calculate l(-9).
-4
Let z(k) = -4*k - 58. What is z(-17)?
10
Let t(d) = -9*d + 100. What is t(15)?
-35
Let h(m) = m**3 - 8*m**2 + 17*m - 5. Determine h(2).
5
Let z(p) = 11*p + 93. Determine z(-9).
-6
Let t(y) = -y**3 - 13*y**2 + y + 17. Calculate t(-13).
4
Let w(j) = -2*j**3 + 69*j**